e number?
True
Is 11640418373 prime?
False
Is 1120849397 a composite number?
False
Is 545309981 composite?
False
Is 590977027 a composite number?
False
Is 46506026573 a prime number?
True
Is 36833750651 a composite number?
True
Is 850062449 composite?
False
Is 30786203963 prime?
False
Is 12236189495 prime?
False
Is 2388590921 composite?
False
Is 373993667 a prime number?
True
Is 296120999 prime?
True
Is 1210564903 prime?
False
Is 9727301677 prime?
True
Is 4164527 composite?
False
Is 307131358711 prime?
True
Is 1204097 composite?
False
Is 161623009 prime?
True
Is 16087038979 a prime number?
False
Is 7376755927 a prime number?
True
Is 80769057293 a composite number?
True
Is 6626012071 prime?
False
Is 1143242003 a prime number?
True
Is 121325450023 a prime number?
True
Is 44085211285 composite?
True
Is 840365749 prime?
True
Is 24825614573 a composite number?
True
Is 6183815258 composite?
True
Is 1090807649 a composite number?
True
Is 1554394381 composite?
False
Is 423823339 a prime number?
True
Is 1515865199 composite?
False
Is 6674817883 composite?
False
Is 3966669241 composite?
False
Is 48717750821 prime?
True
Is 300738833 a prime number?
False
Is 191373041 prime?
False
Is 1803574337 a prime number?
False
Is 1467240319 a composite number?
True
Is 17033240879 a composite number?
True
Is 3341357381 a composite number?
False
Is 10932431561 a composite number?
True
Is 34493002039 composite?
True
Is 33422339033 a composite number?
False
Is 4884976897 composite?
False
Is 55662332377 composite?
False
Is 9117480481 composite?
False
Is 57628313 prime?
False
Is 1398979382 a composite number?
True
Is 47643835619 composite?
False
Is 90317395171 prime?
False
Is 6264856051 a composite number?
True
Is 54587482901 a composite number?
True
Is 1578195287 prime?
True
Is 32750227 composite?
False
Is 2275475681 a prime number?
False
Is 53122093 a prime number?
False
Is 4902090551 a prime number?
True
Is 5787065981 a prime number?
False
Is 176074201931 a composite number?
False
Is 1144806457 a prime number?
True
Is 88253239693 composite?
False
Is 294074489 prime?
True
Is 16568704483 a composite number?
False
Is 14521609 a prime number?
False
Is 80492129513 composite?
True
Is 35823114893 a prime number?
False
Is 523444913 prime?
False
Is 1636468783 a prime number?
True
Is 5989316441 prime?
False
Is 9126402401 prime?
False
Is 1070895733 a composite number?
True
Is 5853301197 a composite number?
True
Is 593061893 composite?
False
Is 3818917573 composite?
False
Is 6227016169 prime?
False
Is 149790193 a composite number?
True
Is 21143632777 a prime number?
True
Is 2368588237 composite?
True
Is 133370911 a prime number?
True
Is 2376401273 a composite number?
False
Is 10418523043 a composite number?
True
Is 2766311299 composite?
True
Is 29136887123 a prime number?
False
Is 7493351251 prime?
False
Is 3920013887 composite?
False
Is 47712575441 a composite number?
False
Is 63782235579 a composite number?
True
Is 93727547 a composite number?
True
Is 20928749243 prime?
False
Is 133207013 prime?
True
Is 3514696261 a prime number?
False
Is 2778858031 a composite number?
True
Is 275809321 prime?
False
Is 144311059733 composite?
True
Is 1015216063 prime?
True
Is 8058243059 a composite number?
False
Is 7403687633 prime?
True
Is 179767997323 a prime number?
True
Is 704463817 a prime number?
False
Is 6642651991 a composite number?
True
Is 25988917 prime?
True
Is 351744919 composite?
True
Is 12235466171 a prime number?
True
Is 3532533779 composite?
True
Is 1616993891 a composite number?
False
Is 13593585297 prime?
False
Is 4862088557 a composite number?
False
Is 191468639 a composite number?
False
Is 10095560479 a composite number?
False
Is 73782937187 composite?
False
Is 217621611731 prime?
True
Is 1416878231 a composite number?
False
Is 33839737403 a prime number?
True
Is 17089159651 composite?
False
Is 179832600523 prime?
True
Is 8316861053 a composite number?
True
Is 6790182051 a composite number?
True
Is 51742110811 composite?
True
Is 22751680541 a prime number?
True
Is 3767856727 a composite number?
True
Is 1015359689 a composite number?
True
Is 871333637 a prime number?
False
Is 1056237461 prime?
False
Is 260871187 a composite number?
False
Is 35352445666 a prime number?
False
Is 272637258571 a prime number?
True
Is 2192806879 a composite number?
False
Is 13621446463 a composite number?
False
Is 7727433089 prime?
True
Is 981148907 a composite number?
False
Is 4187768203 prime?
False
Is 9153039647 composite?
False
Is 57129133 composite?
True
Is 18541607699 a prime number?
True
Is 5965149947 a prime number?
False
Is 17431962677 a prime number?
True
Is 10212845263 composite?
False
Is 5942740969 composite?
True
Is 17998335557 composite?
True
Is 7401875779 prime?
True
Is 13773442127 a composite number?
False
Is 119944360651 a prime number?
False
Is 15167220833 prime?
True
Is 16734831746 a composite number?
True
Is 2059776097 a composite number?
True
Is 1018466149 prime?
True
Is 214755041 prime?
False
Is 2173669 a prime number?
False
Is 436387669 prime?
False
Is 712161871 prime?
False
Is 12261404797 prime?
False
Is 1913116001 composite?
False
Is 81195889103 prime?
False
Is 244144163 prime?
True
Is 940331521 composite?
False
Is 11327963293 prime?
False
Is 2993479042 prime?
False
Is 734580221 a composite number?
False
Is 221647213 prime?
True
Is 25321601863 a prime number?
False
Is 16745709533 a composite number?
True
Is 7081842179 composite?
True
Is 1121763959 composite?
False
Is 6517873919 a prime number?
True
Is 36338789969 composite?
False
Is 576882511 composite?
False
Is 3412400743 a prime number?
False
Is 750963523 a composite number?
False
Is 7119442741 a prime number?
True
Is 2187476015 a prime number?
False
Is 25569429049 prime?
False
Is 1151213627 composite?
False
Is 1893764255 prime?
False
Is 12394428047 composite?
False
Is 490243423 prime?
False
Is 2238865691 a prime number?
True
Is 2390942143 composite?
False
Is 8853279001 a prime number?
False
Is 20130858367 a prime number?
True
Is 2655651629 a prime number?
False
Is 34372650371 prime?
False
Is 71107733261 a prime number?
False
Is 20305485251 composite?
True
Is 96110797451 a prime number?
True
Is 3166810457 composite?
True
Is 107346523399 prime?
False
Is 2561575463 a composite number?
False
Is 698840801 a composite number?
False
Is 77874458399 a prime number?
True
Is 2357530577 a composite number?
True
Is 935778331 prime?
False
Is 1550704427 composite?
True
Is 57734082521 composite?
False
Is 323884669 a composite number?
False
Is 11250555419 prime?
True
Is 1141563487 a prime number?
False
Is 52572303877 composite?
False
Is 488604077 a prime number?
False
Is 40287603361 a prime number?
False
Is 34912152427 a prime number?
False
Is 10595833918 a prime number?
False
Is 7060906949 a prime number?
True
Is 69068425501 prime?
False
Is 1120281391 composite?
True
Is 321443377 composite?
True
Is 5708955397 a prime number?
False
Is 258663329 composite?
False
Is 319803889 a prime number?
True
Is 1068783167 prime?
True
Is 688182119 a composite number?
False
Is 5434079581 a prime number?
False
Is 78776363063 composite?
False
Is 954812011 a composite number?
True
Is 669337439 a prime number?
True
Is 218155174241 prime?
False
Is 1541653291 prime?
False
Is 1299817551 a composite number?
True
Is 1809772141 a composite number?
False
Is 4853950853 prime?
False
Is 13661344507 prime?
True
Is 1726009687 a composite number?
True
Is 3772558103 a prime number?
True
Is 33902383343 a prime number?
True
Is 46468088743 a composite number?
False
Is 5492641013 prime?
True
Is 2062823953 a prime number?
False
Is 43735510019 composite?
False
Is 867086947 prime?
True
Is 3315372247 a prime number?
False
Is 543686651 a composite number?
False
Is 220348741 a prime number?
True
Is 41233998362 a prime number?
False
Is 12740511193 composite?
False
Is 4304393747 prime?
True
Is 42984100531 a composite number?
True
Is 1615220939 composite?
False
Is 93848945 composite?
True
Is 25345585627 a prime number?
False
Is 8972489866 composite?
True
Is 853120813 a prime number?
False
Is 48560554351 composite?
False
Is 581541483 a prime number?
False
Is 2486362911 prime?
False
Is 19284007973 prime?
False
Is 31642801 prime?
True
Is 1002399667 prime?
True
Is 3563581457 compos